0, what is -957793 - -1?
-957792
In base 11, what is 231 - -100135?
100366
In base 6, what is 1 + -25203435521?
-25203435520
In base 5, what is -340411 + 31413?
-303443
In base 13, what is -1b + -3a645a1?
-3a645bc
In base 4, what is 132231111 + 12331?
132310102
In base 7, what is -1452642 - 66?
-1453041
In base 14, what is -9c40 + -4a2?
-a302
In base 2, what is -10011 - 100000000101100111100?
-100000000101101001111
In base 5, what is -21 + 103244424434?
103244424413
In base 10, what is 2 - -67629411?
67629413
In base 7, what is 11640531 + -234?
11640264
In base 10, what is 1135926 - -521?
1136447
In base 11, what is 244373 - -110?
244483
In base 13, what is -1 + 237bc827?
237bc826
In base 4, what is -2113220 + 11010233?
2231013
In base 13, what is 8782 + -4034?
474b
In base 15, what is 2074d - -5d?
207ab
In base 9, what is -418 - 306374?
-306803
In base 16, what is 6299a + -2?
62998
In base 13, what is -76a9288 + 5?
-76a9283
In base 8, what is 71123 + 161?
71304
In base 7, what is 265 - 55401?
-55103
In base 5, what is 1024030340 + 0?
1024030340
In base 14, what is 6d1b90 + -11?
6d1b7d
In base 9, what is -2 + -52108250?
-52108252
In base 13, what is -b81a4 + -85?
-b8259
In base 11, what is -389612 + -2?
-389614
In base 3, what is -11 + -12222202112021112?
-12222202112021200
In base 12, what is -5 + 934492?
934489
In base 10, what is 2 + -4585534?
-4585532
In base 10, what is 66766602 + -17?
66766585
In base 5, what is -144203 - -12131?
-132022
In base 11, what is -10178 + -276?
-10443
In base 15, what is 0 - -4e1c778?
4e1c778
In base 16, what is -5 + -b4f88?
-b4f8d
In base 2, what is 1000100001000 + -11100000?
1000000101000
In base 16, what is 7 + 42b7cf9?
42b7d00
In base 13, what is -13c8a1 - -5?
-13c899
In base 4, what is 11213300 + -100111?
11113123
In base 4, what is -2330002 + 3312013?
322011
In base 4, what is -130033 - 1001121?
-1131220
In base 4, what is -22 + -2302103122?
-2302103210
In base 15, what is -27 + -84726?
-8474d
In base 12, what is 1788674a + -3?
17886747
In base 3, what is 220100021022011 + 2?
220100021022020
In base 6, what is 45 - 244122?
-244033
In base 11, what is -9a64280 - -1?
-9a6427a
In base 2, what is 100100001000011111001110 + 0?
100100001000011111001110
In base 9, what is -364 - 8446?
-8821
In base 7, what is -66353 + 1511?
-64542
In base 9, what is 7374750 + -5?
7374744
In base 8, what is -4013 - -21101?
15066
In base 9, what is 1101836 + 312?
1102248
In base 14, what is 2187 - 1685?
902
In base 8, what is -1236 + -34273?
-35531
In base 2, what is 11001111111111101000 - 100000?
11001111111111001000
In base 11, what is 7481855 - -3?
7481858
In base 10, what is -665875 + 361?
-665514
In base 10, what is 0 - 19920661?
-19920661
In base 2, what is -11 + -1100011101100011101110110?
-1100011101100011101111001
In base 16, what is 586cf - 3b?
58694
In base 7, what is 103565 + -103213?
352
In base 16, what is 8c4 - 2222?
-195e
In base 13, what is 504 - 36a1?
-319a
In base 3, what is -101222022011 - 1?
-101222022012
In base 15, what is -1d + 64404?
643d6
In base 4, what is -3231023 - -130?
-3230233
In base 14, what is 387a022 - -7?
387a029
In base 14, what is -11994 - 4a?
-11a00
In base 3, what is 0 - -1102220220012120?
1102220220012120
In base 11, what is -386288 - 10?
-386298
In base 7, what is 306320 + -32?
306255
In base 11, what is 37a73 + -1aa7?
35a77
In base 11, what is 5 + 1141356?
1141360
In base 15, what is 559694 + -12?
559682
In base 13, what is 966b - -250c?
bb7a
In base 3, what is 22010011022 + -21020020?
21211221002
In base 13, what is 9b + 15585?
15653
In base 8, what is 1171213514 + 3?
1171213517
In base 4, what is 103003102112201 + -11?
103003102112130
In base 13, what is -12a + bc0?
a93
In base 5, what is -2402001100 - -224?
-2402000321
In base 4, what is -10220 - 13322201?
-13333021
In base 13, what is 0 - -c3c5a7a?
c3c5a7a
In base 3, what is 2102 - -202021101002?
202021110111
In base 10, what is -5038 - -1593?
-3445
In base 11, what is -1297677 + 2?
-1297675
In base 5, what is -100003220 - -421?
-100002244
In base 5, what is -142221240 - 14?
-142221304
In base 16, what is -2 + -bae3b8?
-bae3ba
In base 14, what is -59d3 - -263b?
-3396
In base 15, what is 64 - 6d56b?
-6d507
In base 14, what is 173 + 7540?
76b3
In base 3, what is 111 - 1121010222012210?
-1121010222012022
In base 4, what is 1220311 + -10212021?
-2331110
In base 7, what is 556105 + -415?
555360
In base 9, what is 476 - -20737?
21324
In base 14, what is -7 + -1711db6?
-1711dbd
In base 16, what is 730c2 + -c?
730b6
In base 3, what is -1002111001212 - -2112?
-1002110222100
In base 5, what is -23041240 + 3100?
-23033140
In base 16, what is -1b + -2215d7?
-2215f2
In base 14, what is -9d - 1613a6?
-161465
In base 14, what is -5 - -748d1d?
748d18
In base 2, what is 1000101000000000001101 + -101?
1000101000000000001000
In base 13, what is 1845a9 - 41a?
18418c
In base 2, what is 101 - 1100010010111100011101000?
-1100010010111100011100011
In base 15, what is -1aa + 16c75?
16aba
In base 8, what is -17303 + 3345?
-13736
In base 4, what is -1102 - -23030122?
23023020
In base 14, what is -2dbc - -5b?
-2d61
In base 12, what is -62 + -2845a4?
-284646
In base 5, what is 14322443 - 221?
14322222
In base 15, what is 34 + 1b937?
1b96b
In base 2, what is -1110111111010011001110010011 + 1?
-1110111111010011001110010010
In base 5, what is -4 - -43011043331?
43011043322
In base 8, what is -5 + 73666603?
73666576
In base 7, what is -653654 + -3632?
-660616
In base 13, what is 153 - -108159?
1082ac
In base 16, what is -18ed + 9aa?
-f43
In base 5, what is -12024323414 + 111?
-12024323303
In base 11, what is 44a + -388?
72
In base 15, what is 6618 - -77?
6690
In base 7, what is -5412066 + 1?
-5412065
In base 10, what is -54887 - 1070?
-55957
In base 11, what is -22776 - -331?
-22445
In base 2, what is -111 - -11111111101111100111110?
11111111101111100110111
In base 2, what is -111010 - 1101100101100010?
-1101100110011100
In base 8, what is -15752 + -3115?
-21067
In base 13, what is -9 - 159b4cc?
-159b508
In base 10, what is -38 + -8935574?
-8935612
In base 3, what is -11011212020000011 + -100?
-11011212020000111
In base 10, what is -473067 - 14?
-473081
In base 9, what is -14442 - -154?
-14277
In base 6, what is 213 + -25234251?
-25234034
In base 3, what is -22220111 - 10201202?
-110122020
In base 4, what is 13210032302122 - -10?
13210032302132
In base 9, what is -1 + -2257767?
-2257768
In base 7, what is -10 - -133222315?
133222305
In base 2, what is -1011 + -1110010101011000110111?
-1110010101011001000010
In base 8, what is 46 - 1210421?
-1210353
In base 12, what is 1a06 - 6bba?
-51b4
In base 9, what is 1312522454 - 5?
1312522448
In base 7, what is -14051 + -1246131?
-1263212
In base 11, what is -52a277 - -5?
-52a272
In base 3, what is 2 - -10122022212201?
10122022212210
In base 16, what is 5 + -1a9e1b7?
-1a9e1b2
In base 16, what is -e9cf13 - -4?
-e9cf0f
In base 8, what is 10640 - -2646?
13506
In base 6, what is -1 - 1152555001?
-1152555002
In base 7, what is 140 + 24413115?
24413255
In base 4, what is -30032323010 + 2330?
-30032320020
In base 9, what is 45460 + 104?
45564
In base 16, what is -117 - -25b18?
25a01
In base 13, what is 39 + -29580?
-29544
In base 10, what is 10625 - -3896?
14521
In base 3, what is -11220100212 + 1202000?
-11211121212
In base 3, what is 10 - -2021202122202211?
2021202122202221
In base 10, what is 918946 + 6?
918952
In base 11, what is -778a04 - -44?
-778970
In base 12, what is -13003566 - -6?
-13003560
In base 14, what is 15b - -ad79?
b0d6
In base 3, what is -110 + 120111111110?
120111111000
In base 10, what is -4 + -138065267?
-138065271
In base 7, what is -1645 + 3536?
1561
In base 13, what is -3 - -8ba176?
8ba173
In base 10, what is 14595713 - -3?
14595716
In base 15, what is 1a + 4ee573?
4ee58d
In base 16, what is -5 + -1ead7cf?
-1ead7d4
In base 14, what is 308c - 15c1?
18ab
In base 2, what is -1100101001 + -101010010100101?
-101011111001110
In base 10, what is -3061144 + -33?
-3061177
In base 7, what is 1255 - -105522?
110110
In base 12, what is 4 - 1821857?
-1821853
In base 11, what is 92557 - -229?
92785
In base 16, what is d3bc + 437?
d7f3
In base 12, what is -2a354 - 1072a?
-3aa82
In base 7, what is -2 + -1455313102?
-1